{"id":917,"date":"2025-03-28T12:39:10","date_gmt":"2025-03-28T11:39:10","guid":{"rendered":"https:\/\/parkshop.cz\/ostrava\/?page_id=917"},"modified":"2025-04-09T12:10:51","modified_gmt":"2025-04-09T10:10:51","slug":"provozni-rad-parkoviste","status":"publish","type":"page","link":"https:\/\/parkshop.cz\/ostrava\/provozni-rad-parkoviste\/","title":{"rendered":"Provozn\u00ed \u0159\u00e1d parkovi\u0161t\u011b Park&amp;Shop Ostrava"},"content":{"rendered":"<div style=\"width: 1200px;background-color: white;padding: 30px;border-radius: 8px;text-align: left;margin: 20px auto\">\n<h2 style=\"text-align: center;color: #ff495c;margin-bottom: 20px;border-bottom: 2px solid #ff495c;padding-bottom: 10px\">Provozn\u00ed \u0159\u00e1d parkovi\u0161t\u011b Park&amp;Shop Ostrava<\/h2>\n<ol style=\"padding-left: 20px;font-size: large\">\n<li style=\"margin-bottom: 10px;background-color: #f9f9f9;padding: 5px;border-radius: 4px\">Tento provozn\u00ed \u0159\u00e1d upravuje zp\u016fsob u\u017e\u00edv\u00e1n\u00ed parkovi\u0161t\u011b mezi provozovatelem parkovi\u0161t\u011b (d\u00e1le jen pronaj\u00edmatelem) a mezi majiteli nebo u\u017eivateli silni\u010dn\u00edch motorov\u00fdch vozidel (d\u00e1le jen n\u00e1jemci).<\/li>\n<li style=\"margin-bottom: 10px\">Provozovatelem a majitelem centra Park&amp;Shop Ostrava v\u010detn\u011b parkovi\u0161t\u011b je spole\u010dnost: RP Ostrava s.r.o., V celnici 1031\/4, Nov\u00e9 M\u011bsto, 110 00 Praha 1, I\u010c: 08682607, DI\u010c: CZ08682607.<\/li>\n<li style=\"margin-bottom: 10px;background-color: #f9f9f9;padding: 5px;border-radius: 4px\">Parkov\u00e1n\u00ed vozidel je povoleno jen na z\u00e1klad\u011b n\u00e1jemn\u00edho vztahu. N\u00e1jemn\u00ed vztah vznik\u00e1 vyzvednut\u00edm parkovac\u00edho l\u00edstku n\u00e1jemcem z automatu a jeho n\u00e1sledn\u00fdm zaplacen\u00edm v samoobslu\u017en\u00e9m pokladn\u00edm termin\u00e1lu um\u00edst\u011bn\u00e9m na spojovac\u00edm chodn\u00edku mezi OC Futurum a Park&amp;Shop Ostrava.<\/li>\n<li style=\"margin-bottom: 10px\">Dokladem o uzav\u0159en\u00ed n\u00e1jemn\u00edho vztahu je parkovac\u00ed l\u00edstek. P\u0159i ztr\u00e1t\u011b nebo odcizen\u00ed parkovac\u00edho l\u00edstku m\u016f\u017ee b\u00fdt vozidlo vyd\u00e1no pouze po zji\u0161t\u011bn\u00ed toto\u017enosti n\u00e1jemce a p\u0159edlo\u017een\u00ed doklad\u016f k vozidlu.<\/li>\n<li style=\"margin-bottom: 10px;background-color: #f9f9f9;padding: 5px;border-radius: 4px\">Pro \u00fahradu parkovac\u00edho poplatku lze pou\u017e\u00edt hotovostn\u00ed platbu, nebo platbu bezkontaktn\u00ed platebn\u00ed kartou.<\/li>\n<li style=\"margin-bottom: 10px\">P\u0159i ztr\u00e1t\u011b nebo odcizen\u00ed parkovac\u00edho l\u00edstku se n\u00e1jemce zavazuje uhradit pau\u0161\u00e1ln\u00ed poplatek za parkov\u00e1n\u00ed ve v\u00fd\u0161i 1.000 K\u010d. Pau\u0161\u00e1ln\u00ed poplatek je pot\u0159eba uhradit v parkovac\u00edm automatu\/pokladn\u011b.<\/li>\n<li style=\"margin-bottom: 10px;background-color: #f9f9f9;padding: 5px;border-radius: 4px\">Parkovi\u0161t\u011b je ur\u010deno pro parkov\u00e1n\u00ed osobn\u00edch vozidel do 3,5 t.<\/li>\n<li style=\"margin-bottom: 10px\">Parkuj\u00edc\u00ed vozidla NEJSOU HL\u00cdD\u00c1NA.<\/li>\n<li style=\"margin-bottom: 10px;background-color: #f9f9f9;padding: 5px;border-radius: 4px\">Parkovi\u0161t\u011b je monitorov\u00e1no kamerov\u00fdm syst\u00e9mem se z\u00e1znamem.<\/li>\n<li style=\"margin-bottom: 10px\">Pronaj\u00edmatel nezodpov\u00edd\u00e1 n\u00e1jemc\u016fm za po\u0161kozen\u00ed odstaven\u00fdch motorov\u00fdch vozidel na parkovi\u0161ti zp\u016fsoben\u00e9 t\u0159et\u00edmi osobami nebo za jejich odcizen\u00ed. Stejn\u011b tak nenese odpov\u011bdnost za po\u0161kozen\u00ed nebo odcizen\u00ed jejich p\u0159\u00edslu\u0161enstv\u00ed, vybaven\u00ed a sou\u010d\u00e1st\u00ed, nebo jin\u00fdch v\u011bc\u00ed v p\u0159edm\u011btn\u00e9m vozidle ulo\u017een\u00fdch.<\/li>\n<li style=\"margin-bottom: 10px;background-color: #f9f9f9;padding: 5px;border-radius: 4px\">V prostor\u00e1ch parkovi\u0161t\u011b Park&amp;Shop Ostrava se mus\u00ed dodr\u017eovat tyto pokyny:\n<ul>\n<li style=\"list-style-type: none\">\n<ul>\n<li style=\"list-style-type: none\">\n<ul style=\"list-style-type: disc;padding-left: 40px\">\n<li style=\"margin-bottom: 10px\">db\u00e1t zv\u00fd\u0161en\u00e9 opatrnosti p\u0159i j\u00edzd\u011b, p\u0159i pr\u016fchodu parkovi\u0161t\u011bm a \u0159\u00eddit se pokyny obslu\u017en\u00e9ho person\u00e1lu,<\/li>\n<li style=\"margin-bottom: 10px;background-color: #f9f9f9;padding: 5px;border-radius: 4px\">\u0159\u00eddit se dopravn\u00edm zna\u010den\u00edm a dodr\u017eovat maxim\u00e1ln\u00ed povolenou rychlost j\u00edzdy 20 km\/h, plat\u00ed zde p\u0159ednost j\u00edzdy zprava,<\/li>\n<li style=\"margin-bottom: 10px\">odstavit vozidlo na vyhrazen\u00e9 parkovac\u00ed m\u00edsto tak, aby z obou stran bylo dostatek prostoru pro otev\u0159en\u00ed dve\u0159\u00ed na vedlej\u0161\u00edch parkovac\u00edch m\u00edstech,<\/li>\n<li style=\"margin-bottom: 10px;background-color: #f9f9f9;padding: 5px;border-radius: 4px\">p\u0159ed opu\u0161t\u011bn\u00edm vozidlo \u0159\u00e1dn\u011b zajistit proti pohybu a vozidlo uzamknout,<\/li>\n<li style=\"margin-bottom: 10px\">dodr\u017eovat z\u00e1kaz manipulace s otev\u0159en\u00fdm ohn\u011bm, pohonn\u00fdmi hmotami a jin\u00fdmi ho\u0159lav\u00fdmi l\u00e1tkami,<\/li>\n<li style=\"margin-bottom: 10px;background-color: #f9f9f9;padding: 5px;border-radius: 4px\">nesm\u00ed se po\u017e\u00edvat alkoholick\u00e9 a jin\u00e9 omamn\u00e9 l\u00e1tky,<\/li>\n<li style=\"margin-bottom: 10px\">ozn\u00e1mit pronaj\u00edmateli vznik \u0161kody na vozidle n\u00e1jemce \u010di jin\u00e9ho parkuj\u00edc\u00edho nebo na majetku pronaj\u00edmatele,<\/li>\n<li style=\"margin-bottom: 10px;background-color: #f9f9f9;padding: 5px;border-radius: 4px\">dodr\u017eovat z\u00e1kaz oprav, \u00fadr\u017eby a myt\u00ed vozidel v prostor\u00e1ch parkovi\u0161t\u011b,<\/li>\n<li style=\"margin-bottom: 10px\">udr\u017eovat \u010distotu a po\u0159\u00e1dek,<\/li>\n<li style=\"margin-bottom: 10px;background-color: #f9f9f9;padding: 5px;border-radius: 4px\">je zak\u00e1z\u00e1no vjezdu a parkov\u00e1n\u00ed p\u0159\u00edv\u011bsn\u00fdch voz\u00edk\u016f a reklamn\u00edch vozidel,<\/li>\n<li style=\"margin-bottom: 10px\">je zak\u00e1z\u00e1no provozovat reklamn\u00ed \u010dinnost a hudebn\u00ed produkci bez povolen\u00ed spr\u00e1vy Park&amp;Shop Ostrava,<\/li>\n<li style=\"margin-bottom: 10px;background-color: #f9f9f9;padding: 5px;border-radius: 4px\">do are\u00e1lu centra Park&amp;Shop Ostrava v\u010detn\u011b parkovi\u0161t\u011b je zak\u00e1z\u00e1n vstup podnapil\u00fdm osob\u00e1m a osob\u00e1m pod vlivem n\u00e1vykov\u00fdch l\u00e1tek,<\/li>\n<li style=\"margin-bottom: 10px\">je zak\u00e1z\u00e1no uzamyk\u00e1n\u00ed osob, d\u011bt\u00ed a zv\u00ed\u0159at ve vozidle, jako\u017e i span\u00ed ve vozidlech,<\/li>\n<li style=\"margin-bottom: 10px;background-color: #f9f9f9;padding: 5px;border-radius: 4px\">je zak\u00e1z\u00e1no rozn\u00e1\u0161en\u00ed a umis\u0165ov\u00e1n\u00ed reklamn\u00edch let\u00e1k\u016f v are\u00e1lu centra Park&amp;Shop Ostrava v\u010detn\u011b parkovi\u0161t\u011b a na zaparkovan\u00fdch vozidlech. Park &amp; Shop Ostrava, Varensk\u00e1 3309\/50, Moravsk\u00e1 Ostrava, 702 00 Ostrava.<\/li>\n<li style=\"margin-bottom: 10px;background-color: #f9f9f9;padding: 5px;border-radius: 4px\">Tento provozn\u00ed \u0159\u00e1d upravuje zp\u016fsob u\u017e\u00edv\u00e1n\u00ed parkovi\u0161t\u011b mezi provozovatelem parkovi\u0161t\u011b (d\u00e1le jen pronaj\u00edmatelem) a mezi majiteli nebo u\u017eivateli silni\u010dn\u00edch motorov\u00fdch vozidel (d\u00e1le jen n\u00e1jemci).<\/li>\n<li style=\"margin-bottom: 10px\">Provozovatelem a majitelem centra Park&amp;Shop Ostrava v\u010detn\u011b parkovi\u0161t\u011b je spole\u010dnost: RP Ostrava s.r.o., V celnici 1031\/4, Nov\u00e9 M\u011bsto, 110 00 Praha 1, I\u010c: 08682607, DI\u010c: CZ08682607.<\/li>\n<li style=\"margin-bottom: 10px;background-color: #f9f9f9;padding: 5px;border-radius: 4px\">Parkov\u00e1n\u00ed vozidel je povoleno jen na z\u00e1klad\u011b n\u00e1jemn\u00edho vztahu. N\u00e1jemn\u00ed vztah vznik\u00e1 vyzvednut\u00edm parkovac\u00edho l\u00edstku n\u00e1jemcem z automatu a jeho n\u00e1sledn\u00fdm zaplacen\u00edm v samoobslu\u017en\u00e9m pokladn\u00edm termin\u00e1lu um\u00edst\u011bn\u00e9m na spojovac\u00edm chodn\u00edku mezi OC Futurum a Park&amp;Shop Ostrava.<\/li>\n<\/ul>\n<\/li>\n<\/ul>\n<\/li>\n<\/ul>\n<\/li>\n<li style=\"margin-bottom: 10px;padding: 5px;border-radius: 4px\">Provozn\u00ed doba je 24 hodin denn\u011b, 7 dn\u00ed v t\u00fddnu.<\/li>\n<li style=\"margin-bottom: 10px;background-color: #f9f9f9;padding: 5px;border-radius: 4px\">Cen\u00edk parkovn\u00e9ho:\n<ul style=\"padding-left: 20px\">\n<li>Po \u2013 P\u00e1 (0.00 \u2013 23.59) \u2013 prvn\u00ed 2 hodiny zdarma, ka\u017ed\u00e1 dal\u0161\u00ed zapo\u010dat\u00e1 hodina 30 K\u010d<\/li>\n<li>So \u2013 Ne (0.00 \u2013 23.59) a st\u00e1tn\u00ed sv\u00e1tky \u2013 prvn\u00ed 2 hodiny zdarma, ka\u017ed\u00e1 dal\u0161\u00ed zapo\u010dat\u00e1 hodina 30 K\u010d<\/li>\n<li>po zaplacen\u00ed parkovn\u00e9ho opus\u0165te parkovi\u0161t\u011b do 15 minut<\/li>\n<li>celodenn\u00ed parkov\u00e1n\u00ed 200 K\u010d<\/li>\n<\/ul>\n<\/li>\n<li>V p\u0159\u00edpad\u011b jak\u00e9koli z\u00e1vady nebo jin\u00e9 poruchy na vjezdov\u00e9 nebo v\u00fdjezdov\u00e9 z\u00e1vo\u0159e, pokladn\u00edm\n<p>termin\u00e1lu nebo jin\u00fdch \u010d\u00e1stech parkovi\u0161t\u011b kontaktujte provozovatele na tel. \u010d\u00edsle:<\/p>\n<p>V \u010dase 8:00 \u2013 20:00\u00a0 \u00a0+420 602 439 924<\/p>\n<p>V \u010dase 20:00 \u2013 8:00\u00a0 \u00a0+420 284 018 380<\/li>\n<\/ol>\n<\/div>\n","protected":false},"excerpt":{"rendered":"<p>Provozn\u00ed \u0159\u00e1d parkovi\u0161t\u011b Park&amp;Shop Ostrava Tento provozn\u00ed \u0159\u00e1d upravuje zp\u016fsob u\u017e\u00edv\u00e1n\u00ed parkovi\u0161t\u011b mezi provozovatelem parkovi\u0161t\u011b (d\u00e1le jen pronaj\u00edmatelem) a mezi [&hellip;]<\/p>\n","protected":false},"author":3,"featured_media":0,"parent":0,"menu_order":0,"comment_status":"closed","ping_status":"closed","template":"","meta":{"_acf_changed":false,"footnotes":""},"class_list":["post-917","page","type-page","status-publish","hentry"],"acf":[],"yoast_head":"<!-- This site is optimized with the Yoast SEO plugin v26.5 - https:\/\/yoast.com\/wordpress\/plugins\/seo\/ -->\n<title>Provozn\u00ed \u0159\u00e1d parkovi\u0161t\u011b Park&amp;Shop Ostrava - Park&amp;Shop Ostrava<\/title>\n<meta name=\"robots\" content=\"index, follow, max-snippet:-1, max-image-preview:large, max-video-preview:-1\" \/>\n<link rel=\"canonical\" href=\"https:\/\/parkshop.cz\/ostrava\/provozni-rad-parkoviste\/\" \/>\n<meta property=\"og:locale\" content=\"cs_CZ\" \/>\n<meta property=\"og:type\" content=\"article\" \/>\n<meta property=\"og:title\" content=\"Provozn\u00ed \u0159\u00e1d parkovi\u0161t\u011b Park&amp;Shop Ostrava - Park&amp;Shop Ostrava\" \/>\n<meta property=\"og:description\" content=\"Provozn\u00ed \u0159\u00e1d parkovi\u0161t\u011b Park&amp;Shop Ostrava Tento provozn\u00ed \u0159\u00e1d upravuje zp\u016fsob u\u017e\u00edv\u00e1n\u00ed parkovi\u0161t\u011b mezi provozovatelem parkovi\u0161t\u011b (d\u00e1le jen pronaj\u00edmatelem) a mezi [&hellip;]\" \/>\n<meta property=\"og:url\" content=\"https:\/\/parkshop.cz\/ostrava\/provozni-rad-parkoviste\/\" \/>\n<meta property=\"og:site_name\" content=\"Park&amp;Shop Ostrava\" \/>\n<meta property=\"article:modified_time\" content=\"2025-04-09T10:10:51+00:00\" \/>\n<meta name=\"twitter:card\" content=\"summary_large_image\" \/>\n<meta name=\"twitter:label1\" content=\"Odhadovan\u00e1 doba \u010dten\u00ed\" \/>\n\t<meta name=\"twitter:data1\" content=\"4 minuty\" \/>\n<script type=\"application\/ld+json\" class=\"yoast-schema-graph\">{\"@context\":\"https:\/\/schema.org\",\"@graph\":[{\"@type\":\"WebPage\",\"@id\":\"https:\/\/parkshop.cz\/ostrava\/provozni-rad-parkoviste\/\",\"url\":\"https:\/\/parkshop.cz\/ostrava\/provozni-rad-parkoviste\/\",\"name\":\"Provozn\u00ed \u0159\u00e1d parkovi\u0161t\u011b Park&amp;Shop Ostrava - Park&amp;Shop Ostrava\",\"isPartOf\":{\"@id\":\"https:\/\/parkshop.cz\/ostrava\/#website\"},\"datePublished\":\"2025-03-28T11:39:10+00:00\",\"dateModified\":\"2025-04-09T10:10:51+00:00\",\"breadcrumb\":{\"@id\":\"https:\/\/parkshop.cz\/ostrava\/provozni-rad-parkoviste\/#breadcrumb\"},\"inLanguage\":\"cs\",\"potentialAction\":[{\"@type\":\"ReadAction\",\"target\":[\"https:\/\/parkshop.cz\/ostrava\/provozni-rad-parkoviste\/\"]}]},{\"@type\":\"BreadcrumbList\",\"@id\":\"https:\/\/parkshop.cz\/ostrava\/provozni-rad-parkoviste\/#breadcrumb\",\"itemListElement\":[{\"@type\":\"ListItem\",\"position\":1,\"name\":\"Dom\u016f\",\"item\":\"https:\/\/parkshop.cz\/ostrava\/\"},{\"@type\":\"ListItem\",\"position\":2,\"name\":\"Provozn\u00ed \u0159\u00e1d parkovi\u0161t\u011b Park&amp;Shop Ostrava\"}]},{\"@type\":\"WebSite\",\"@id\":\"https:\/\/parkshop.cz\/ostrava\/#website\",\"url\":\"https:\/\/parkshop.cz\/ostrava\/\",\"name\":\"Park&amp;Shop Ostrava\",\"description\":\"\",\"publisher\":{\"@id\":\"https:\/\/parkshop.cz\/ostrava\/#organization\"},\"potentialAction\":[{\"@type\":\"SearchAction\",\"target\":{\"@type\":\"EntryPoint\",\"urlTemplate\":\"https:\/\/parkshop.cz\/ostrava\/?s={search_term_string}\"},\"query-input\":{\"@type\":\"PropertyValueSpecification\",\"valueRequired\":true,\"valueName\":\"search_term_string\"}}],\"inLanguage\":\"cs\"},{\"@type\":\"Organization\",\"@id\":\"https:\/\/parkshop.cz\/ostrava\/#organization\",\"name\":\"Park&amp;Shop Ostrava\",\"url\":\"https:\/\/parkshop.cz\/ostrava\/\",\"logo\":{\"@type\":\"ImageObject\",\"inLanguage\":\"cs\",\"@id\":\"https:\/\/parkshop.cz\/ostrava\/#\/schema\/logo\/image\/\",\"url\":\"https:\/\/parkshop.cz\/ostrava\/wp-content\/uploads\/2022\/10\/park_shop_logo.svg\",\"contentUrl\":\"https:\/\/parkshop.cz\/ostrava\/wp-content\/uploads\/2022\/10\/park_shop_logo.svg\",\"caption\":\"Park&amp;Shop Ostrava\"},\"image\":{\"@id\":\"https:\/\/parkshop.cz\/ostrava\/#\/schema\/logo\/image\/\"}}]}<\/script>\n<!-- \/ Yoast SEO plugin. -->","yoast_head_json":{"title":"Provozn\u00ed \u0159\u00e1d parkovi\u0161t\u011b Park&amp;Shop Ostrava - Park&amp;Shop Ostrava","robots":{"index":"index","follow":"follow","max-snippet":"max-snippet:-1","max-image-preview":"max-image-preview:large","max-video-preview":"max-video-preview:-1"},"canonical":"https:\/\/parkshop.cz\/ostrava\/provozni-rad-parkoviste\/","og_locale":"cs_CZ","og_type":"article","og_title":"Provozn\u00ed \u0159\u00e1d parkovi\u0161t\u011b Park&amp;Shop Ostrava - Park&amp;Shop Ostrava","og_description":"Provozn\u00ed \u0159\u00e1d parkovi\u0161t\u011b Park&amp;Shop Ostrava Tento provozn\u00ed \u0159\u00e1d upravuje zp\u016fsob u\u017e\u00edv\u00e1n\u00ed parkovi\u0161t\u011b mezi provozovatelem parkovi\u0161t\u011b (d\u00e1le jen pronaj\u00edmatelem) a mezi [&hellip;]","og_url":"https:\/\/parkshop.cz\/ostrava\/provozni-rad-parkoviste\/","og_site_name":"Park&amp;Shop Ostrava","article_modified_time":"2025-04-09T10:10:51+00:00","twitter_card":"summary_large_image","twitter_misc":{"Odhadovan\u00e1 doba \u010dten\u00ed":"4 minuty"},"schema":{"@context":"https:\/\/schema.org","@graph":[{"@type":"WebPage","@id":"https:\/\/parkshop.cz\/ostrava\/provozni-rad-parkoviste\/","url":"https:\/\/parkshop.cz\/ostrava\/provozni-rad-parkoviste\/","name":"Provozn\u00ed \u0159\u00e1d parkovi\u0161t\u011b Park&amp;Shop Ostrava - Park&amp;Shop Ostrava","isPartOf":{"@id":"https:\/\/parkshop.cz\/ostrava\/#website"},"datePublished":"2025-03-28T11:39:10+00:00","dateModified":"2025-04-09T10:10:51+00:00","breadcrumb":{"@id":"https:\/\/parkshop.cz\/ostrava\/provozni-rad-parkoviste\/#breadcrumb"},"inLanguage":"cs","potentialAction":[{"@type":"ReadAction","target":["https:\/\/parkshop.cz\/ostrava\/provozni-rad-parkoviste\/"]}]},{"@type":"BreadcrumbList","@id":"https:\/\/parkshop.cz\/ostrava\/provozni-rad-parkoviste\/#breadcrumb","itemListElement":[{"@type":"ListItem","position":1,"name":"Dom\u016f","item":"https:\/\/parkshop.cz\/ostrava\/"},{"@type":"ListItem","position":2,"name":"Provozn\u00ed \u0159\u00e1d parkovi\u0161t\u011b Park&amp;Shop Ostrava"}]},{"@type":"WebSite","@id":"https:\/\/parkshop.cz\/ostrava\/#website","url":"https:\/\/parkshop.cz\/ostrava\/","name":"Park&amp;Shop Ostrava","description":"","publisher":{"@id":"https:\/\/parkshop.cz\/ostrava\/#organization"},"potentialAction":[{"@type":"SearchAction","target":{"@type":"EntryPoint","urlTemplate":"https:\/\/parkshop.cz\/ostrava\/?s={search_term_string}"},"query-input":{"@type":"PropertyValueSpecification","valueRequired":true,"valueName":"search_term_string"}}],"inLanguage":"cs"},{"@type":"Organization","@id":"https:\/\/parkshop.cz\/ostrava\/#organization","name":"Park&amp;Shop Ostrava","url":"https:\/\/parkshop.cz\/ostrava\/","logo":{"@type":"ImageObject","inLanguage":"cs","@id":"https:\/\/parkshop.cz\/ostrava\/#\/schema\/logo\/image\/","url":"https:\/\/parkshop.cz\/ostrava\/wp-content\/uploads\/2022\/10\/park_shop_logo.svg","contentUrl":"https:\/\/parkshop.cz\/ostrava\/wp-content\/uploads\/2022\/10\/park_shop_logo.svg","caption":"Park&amp;Shop Ostrava"},"image":{"@id":"https:\/\/parkshop.cz\/ostrava\/#\/schema\/logo\/image\/"}}]}},"publishpress_future_action":{"enabled":false,"date":"2026-04-26 14:37:20","action":"change-status","newStatus":"draft","terms":[],"taxonomy":"","extraData":[]},"publishpress_future_workflow_manual_trigger":{"enabledWorkflows":[]},"_links":{"self":[{"href":"https:\/\/parkshop.cz\/ostrava\/wp-json\/wp\/v2\/pages\/917","targetHints":{"allow":["GET"]}}],"collection":[{"href":"https:\/\/parkshop.cz\/ostrava\/wp-json\/wp\/v2\/pages"}],"about":[{"href":"https:\/\/parkshop.cz\/ostrava\/wp-json\/wp\/v2\/types\/page"}],"author":[{"embeddable":true,"href":"https:\/\/parkshop.cz\/ostrava\/wp-json\/wp\/v2\/users\/3"}],"replies":[{"embeddable":true,"href":"https:\/\/parkshop.cz\/ostrava\/wp-json\/wp\/v2\/comments?post=917"}],"version-history":[{"count":12,"href":"https:\/\/parkshop.cz\/ostrava\/wp-json\/wp\/v2\/pages\/917\/revisions"}],"predecessor-version":[{"id":958,"href":"https:\/\/parkshop.cz\/ostrava\/wp-json\/wp\/v2\/pages\/917\/revisions\/958"}],"wp:attachment":[{"href":"https:\/\/parkshop.cz\/ostrava\/wp-json\/wp\/v2\/media?parent=917"}],"curies":[{"name":"wp","href":"https:\/\/api.w.org\/{rel}","templated":true}]}}